{"id":1160,"date":"2022-12-08T21:12:10","date_gmt":"2022-12-08T20:12:10","guid":{"rendered":"https:\/\/www.stabajzna.cz\/uvod\/?page_id=1160"},"modified":"2025-10-13T08:06:37","modified_gmt":"2025-10-13T06:06:37","slug":"co-nabizim","status":"publish","type":"page","link":"https:\/\/www.stabajzna.cz\/uvod\/","title":{"rendered":"\u00daVOD"},"content":{"rendered":"\n<div class=\"wp-block-columns alignwide is-layout-flex wp-container-core-columns-is-layout-9d6595d7 wp-block-columns-is-layout-flex\">\n<div class=\"wp-block-column is-layout-flow wp-block-column-is-layout-flow\" style=\"flex-basis:33.33%\">\n<figure class=\"wp-block-image size-full is-style-rounded\"><img loading=\"lazy\" decoding=\"async\" width=\"717\" height=\"1280\" src=\"https:\/\/www.stabajzna.cz\/wp-content\/uploads\/2022\/12\/ai-generated-8952411_1280.jpg\" alt=\"\" class=\"wp-image-1754\" srcset=\"https:\/\/www.stabajzna.cz\/wp-content\/uploads\/2022\/12\/ai-generated-8952411_1280.jpg 717w, https:\/\/www.stabajzna.cz\/wp-content\/uploads\/2022\/12\/ai-generated-8952411_1280-168x300.jpg 168w, https:\/\/www.stabajzna.cz\/wp-content\/uploads\/2022\/12\/ai-generated-8952411_1280-700x1250.jpg 700w\" sizes=\"auto, (max-width: 717px) 100vw, 717px\" \/><\/figure>\n<\/div>\n\n\n\n<div class=\"wp-block-column is-layout-flow wp-block-column-is-layout-flow\" style=\"flex-basis:66.66%\">\n<p class=\"has-cyan-bluish-gray-color has-text-color has-link-color wp-elements-e7c9cbc41484abcc262dee789e29dd4f\" id=\"wnd_TextBlock_52092_inner_0\" style=\"font-size:23px\"><strong>\u0160\u0164ABAJZNA \u2013 tak trochu jin\u00fd kosmetick\u00fd salon<\/strong><\/p>\n\n\n\n<p>V\u00edtej ve sv\u011bt\u011b, kde se zdrav\u00ed pleti potk\u00e1v\u00e1 s luxusem p\u0159\u00edrody. <\/p>\n\n\n\n<p>\u0160\u0164ABAJZNA je p\u0159\u00edrodn\u00ed kosmetick\u00fd salon, kter\u00fd spojuje s\u00edlu organick\u00fdch ingredienc\u00ed, \u0161pi\u010dkov\u00e9 kosmetick\u00e9 p\u00e9\u010de a individu\u00e1ln\u00edho p\u0159\u00edstupu ke ka\u017ed\u00e9mu klientovi.<\/p>\n\n\n\n<p>Ta nejkvalitn\u011bj\u0161\u00ed organick\u00e1 kosmetika respektuje p\u0159irozen\u00e9 pot\u0159eby a zdrav\u00ed Tvoj\u00ed poko\u017eky. U n\u00e1s nejde jen o kr\u00e1su \u2013 jde o harmonii t\u011bla, mysli a p\u0159\u00edrody.<\/p>\n\n\n\n<blockquote class=\"wp-block-quote is-layout-flow wp-block-quote-is-layout-flow\">\n<p><strong>P\u00e9\u010de o sebe sama nen\u00ed sobeck\u00e1, ale nezbytn\u00e1.<\/strong><\/p>\n<\/blockquote>\n\n\n\n<p>V elegantn\u00edm a klidn\u00e9m prost\u0159ed\u00ed salonu najde\u0161 nejen profesion\u00e1ln\u00ed p\u00e9\u010di o ple\u0165, ale t\u0159eba tak\u00e9 kurzy l\u00ed\u010den\u00ed, b\u011bhem nich\u017e se nau\u010d\u00ed\u0161 zv\u00fdraznit svou p\u0159irozenou kr\u00e1su s respektem k Tv\u00e9mu stylu i \u017eivotn\u00edmu tempu.<\/p>\n\n\n\n<p id=\"wnd_TextBlock_52092_inner_0\" style=\"font-size:18px\">\u0160\u0164ABAJZNA\u00a0 je Tv\u016fj prostor pro zpomalen\u00ed, uvoln\u011bn\u00ed a regeneraci.<\/p>\n\n\n\n<p><\/p>\n\n\n\n<blockquote class=\"wp-block-quote is-layout-flow wp-block-quote-is-layout-flow\">\n<p><strong><em>Tady se nesp\u011bch\u00e1. Tady se pro\u017e\u00edv\u00e1.<\/em><\/strong><\/p>\n<\/blockquote>\n<\/div>\n<\/div>\n\n\n\n<p><\/p>\n","protected":false},"excerpt":{"rendered":"<p>\u0160\u0164ABAJZNA \u2013 tak trochu jin\u00fd kosmetick\u00fd salon V\u00edtej ve sv\u011bt\u011b, kde se zdrav\u00ed pleti potk\u00e1v\u00e1 s luxusem p\u0159\u00edrody. \u0160\u0164ABAJZNA je p\u0159\u00edrodn\u00ed kosmetick\u00fd salon, kter\u00fd spojuje s\u00edlu organick\u00fdch ingredienc\u00ed, \u0161pi\u010dkov\u00e9 kosmetick\u00e9 p\u00e9\u010de a individu\u00e1ln\u00edho p\u0159\u00edstupu ke ka\u017ed\u00e9mu klientovi. Ta nejkvalitn\u011bj\u0161\u00ed organick\u00e1 kosmetika respektuje p\u0159irozen\u00e9 pot\u0159eby a zdrav\u00ed Tvoj\u00ed poko\u017eky. U n\u00e1s nejde jen o kr\u00e1su \u2013&#8230;<\/p>\n","protected":false},"author":2,"featured_media":0,"parent":0,"menu_order":0,"comment_status":"closed","ping_status":"closed","template":"","meta":{"footnotes":""},"class_list":["post-1160","page","type-page","status-publish","hentry"],"_links":{"self":[{"href":"https:\/\/www.stabajzna.cz\/uvod\/wp-json\/wp\/v2\/pages\/1160","targetHints":{"allow":["GET"]}}],"collection":[{"href":"https:\/\/www.stabajzna.cz\/uvod\/wp-json\/wp\/v2\/pages"}],"about":[{"href":"https:\/\/www.stabajzna.cz\/uvod\/wp-json\/wp\/v2\/types\/page"}],"author":[{"embeddable":true,"href":"https:\/\/www.stabajzna.cz\/uvod\/wp-json\/wp\/v2\/users\/2"}],"replies":[{"embeddable":true,"href":"https:\/\/www.stabajzna.cz\/uvod\/wp-json\/wp\/v2\/comments?post=1160"}],"version-history":[{"count":42,"href":"https:\/\/www.stabajzna.cz\/uvod\/wp-json\/wp\/v2\/pages\/1160\/revisions"}],"predecessor-version":[{"id":2011,"href":"https:\/\/www.stabajzna.cz\/uvod\/wp-json\/wp\/v2\/pages\/1160\/revisions\/2011"}],"wp:attachment":[{"href":"https:\/\/www.stabajzna.cz\/uvod\/wp-json\/wp\/v2\/media?parent=1160"}],"curies":[{"name":"wp","href":"https:\/\/api.w.org\/{rel}","templated":true}]}}

ÚVOD

<div class="wp-block-columns alignwide is-layout-flex wp-container-core-columns-is-layout-9d6595d7 wp-block-columns-is-layout-flex">
<div class="wp-block-column is-layout-flow wp-block-column-is-layout-flow" style="flex-basis:33.33%">
<figure class="wp-block-image size-full is-style-rounded"><img loading="lazy" decoding="async" width="717" height="1280" src="https://www.stabajzna.cz/wp-content/uploads/2022/12/ai-generated-8952411_1280.jpg" alt="" class="wp-image-1754" srcset="https://www.stabajzna.cz/wp-content/uploads/2022/12/ai-generated-8952411_1280.jpg 717w, https://www.stabajzna.cz/wp-content/uploads/2022/12/ai-generated-8952411_1280-168x300.jpg 168w, https://www.stabajzna.cz/wp-content/uploads/2022/12/ai-generated-8952411_1280-700x1250.jpg 700w" sizes="auto, (max-width: 717px) 100vw, 717px" /></figure>
</div>



<div class="wp-block-column is-layout-flow wp-block-column-is-layout-flow" style="flex-basis:66.66%">
<p class="has-cyan-bluish-gray-color has-text-color has-link-color wp-elements-e7c9cbc41484abcc262dee789e29dd4f" id="wnd_TextBlock_52092_inner_0" style="font-size:23px"><strong>ŠŤABAJZNA – tak trochu jiný kosmetický salon</strong></p>



<p>Vítej ve světě, kde se zdraví pleti potkává s luxusem přírody. </p>



<p>ŠŤABAJZNA je přírodní kosmetický salon, který spojuje sílu organických ingrediencí, špičkové kosmetické péče a individuálního přístupu ke každému klientovi.</p>



<p>Ta nejkvalitnější organická kosmetika respektuje přirozené potřeby a zdraví Tvojí pokožky. U nás nejde jen o krásu – jde o harmonii těla, mysli a přírody.</p>



<blockquote class="wp-block-quote is-layout-flow wp-block-quote-is-layout-flow">
<p><strong>Péče o sebe sama není sobecká, ale nezbytná.</strong></p>
</blockquote>



<p>V elegantním a klidném prostředí salonu najdeš nejen profesionální péči o pleť, ale třeba také kurzy líčení, během nichž se naučíš zvýraznit svou přirozenou krásu s respektem k Tvému stylu i životnímu tempu.</p>



<p id="wnd_TextBlock_52092_inner_0" style="font-size:18px">ŠŤABAJZNA  je Tvůj prostor pro zpomalení, uvolnění a regeneraci.</p>



<p></p>



<blockquote class="wp-block-quote is-layout-flow wp-block-quote-is-layout-flow">
<p><strong><em>Tady se nespěchá. Tady se prožívá.</em></strong></p>
</blockquote>
</div>
</div>



<p></p>

<p>ŠŤABAJZNA – tak trochu jiný kosmetický salon Vítej ve světě, kde se zdraví pleti potkává s luxusem přírody. ŠŤABAJZNA je přírodní kosmetický salon, který spojuje sílu organických ingrediencí, špičkové kosmetické péče a individuálního přístupu ke každému klientovi. Ta nejkvalitnější organická kosmetika respektuje přirozené potřeby a zdraví Tvojí pokožky. U nás nejde jen o krásu –&#8230;</p>
