{"id":1148,"date":"2022-12-08T20:49:56","date_gmt":"2022-12-08T19:49:56","guid":{"rendered":"https:\/\/www.stabajzna.cz\/uvod\/?page_id=1148"},"modified":"2025-11-10T21:27:48","modified_gmt":"2025-11-10T20:27:48","slug":"blog","status":"publish","type":"page","link":"https:\/\/www.stabajzna.cz\/uvod\/blog\/","title":{"rendered":"Blog"},"content":{"rendered":"<ul class=\"wp-block-latest-posts__list alignwide wp-block-latest-posts has-medium-font-size\"><li><div class=\"wp-block-latest-posts__featured-image alignright\"><a href=\"https:\/\/www.stabajzna.cz\/uvod\/proc-je-sebelaska-tak-dulezita\/\" aria-label=\"Pro\u010d je sebel\u00e1ska tak d\u016fle\u017eit\u00e1?\"><img loading=\"lazy\" decoding=\"async\" width=\"300\" height=\"300\" src=\"https:\/\/www.stabajzna.cz\/wp-content\/uploads\/2025\/11\/Navrh-bez-nazvu-1-300x300.png\" class=\"attachment-medium size-medium wp-post-image\" alt=\"\" style=\"\" srcset=\"https:\/\/www.stabajzna.cz\/wp-content\/uploads\/2025\/11\/Navrh-bez-nazvu-1-300x300.png 300w, https:\/\/www.stabajzna.cz\/wp-content\/uploads\/2025\/11\/Navrh-bez-nazvu-1-700x700.png 700w, https:\/\/www.stabajzna.cz\/wp-content\/uploads\/2025\/11\/Navrh-bez-nazvu-1-150x150.png 150w, https:\/\/www.stabajzna.cz\/wp-content\/uploads\/2025\/11\/Navrh-bez-nazvu-1-768x768.png 768w, https:\/\/www.stabajzna.cz\/wp-content\/uploads\/2025\/11\/Navrh-bez-nazvu-1-1536x1536.png 1536w, https:\/\/www.stabajzna.cz\/wp-content\/uploads\/2025\/11\/Navrh-bez-nazvu-1-800x800.png 800w, https:\/\/www.stabajzna.cz\/wp-content\/uploads\/2025\/11\/Navrh-bez-nazvu-1-e1762862041280.png 736w\" sizes=\"auto, (max-width: 300px) 100vw, 300px\" \/><\/a><\/div><a class=\"wp-block-latest-posts__post-title\" href=\"https:\/\/www.stabajzna.cz\/uvod\/proc-je-sebelaska-tak-dulezita\/\">Pro\u010d je sebel\u00e1ska tak d\u016fle\u017eit\u00e1?<\/a><div class=\"wp-block-latest-posts__post-excerpt\">nen\u00ed to kli\u0161\u00e9, modern\u00ed trend ani sobectv\u00ed SEBE-L\u00c1SKA Slovo, kter\u00e9 dnes sly\u0161\u00edme t\u00e9m\u011b\u0159 v\u0161ude \u2013 v knih\u00e1ch, na soci\u00e1ln\u00edch s\u00edt\u00edch, v motiva\u010dn\u00edch cit\u00e1tech. \u010casto ho ale vn\u00edm\u00e1me zkreslen\u011b. Pro n\u011bkoho znamen\u00e1 sebel\u00e1ska jen povrchn\u00ed sebest\u0159ednost, pro jin\u00e9ho pr\u00e1zdn\u00fd trend, kter\u00fd zaplavuje internet. Jen\u017ee skute\u010dn\u00e1 sebel\u00e1ska nem\u00e1 nic spole\u010dn\u00e9ho ani s narcismem, ani s m\u00f3dn\u00ed vlnou&#8230;<\/div><\/li>\n<li><div class=\"wp-block-latest-posts__featured-image alignright\"><a href=\"https:\/\/www.stabajzna.cz\/uvod\/byt-jiny-je-krasne\/\" aria-label=\"B\u00fdt jin\u00fd je kr\u00e1sn\u00e9&#8230;\"><img loading=\"lazy\" decoding=\"async\" width=\"300\" height=\"300\" src=\"https:\/\/www.stabajzna.cz\/wp-content\/uploads\/2025\/09\/1f4878ea4bbc09541763cc7c4937e29d-e1762808659181-300x300.jpg\" class=\"attachment-medium size-medium wp-post-image\" alt=\"\" style=\"\" srcset=\"https:\/\/www.stabajzna.cz\/wp-content\/uploads\/2025\/09\/1f4878ea4bbc09541763cc7c4937e29d-e1762808659181-300x300.jpg 300w, https:\/\/www.stabajzna.cz\/wp-content\/uploads\/2025\/09\/1f4878ea4bbc09541763cc7c4937e29d-e1762808659181-700x700.jpg 700w, https:\/\/www.stabajzna.cz\/wp-content\/uploads\/2025\/09\/1f4878ea4bbc09541763cc7c4937e29d-e1762808659181-150x150.jpg 150w, https:\/\/www.stabajzna.cz\/wp-content\/uploads\/2025\/09\/1f4878ea4bbc09541763cc7c4937e29d-e1762808659181.jpg 736w\" sizes=\"auto, (max-width: 300px) 100vw, 300px\" \/><\/a><\/div><a class=\"wp-block-latest-posts__post-title\" href=\"https:\/\/www.stabajzna.cz\/uvod\/byt-jiny-je-krasne\/\">B\u00fdt jin\u00fd je kr\u00e1sn\u00e9&#8230;<\/a><div class=\"wp-block-latest-posts__post-excerpt\">B\u00fdt jin\u00fd je kr\u00e1sn\u00e9. A j\u00e1 to v\u00edm.&nbsp; V dne\u0161n\u00ed dob\u011b se v\u0161ichni \u017eeneme za dokonalost\u00ed \u2013 a p\u0159itom zapom\u00edn\u00e1me, \u017ee kr\u00e1sa nem\u00e1 jednu jedinou podobu. J\u00e1 v\u011b\u0159\u00edm, \u017ee pr\u00e1v\u011b jinakost d\u00e1v\u00e1 \u010dlov\u011bku kouzlo a s\u00edlu. A \u017ee p\u00e9\u010di, dotek a chv\u00edli klidu si zaslou\u017e\u00ed ka\u017ed\u00fd \u2013 bez ohledu na pohlav\u00ed, v\u011bk, tvar t\u011bla nebo&#8230;<\/div><\/li>\n<li><div class=\"wp-block-latest-posts__featured-image alignright\"><a href=\"https:\/\/www.stabajzna.cz\/uvod\/proc-pouzivat-organickou-holistickou-kosmetickou-peci-americke-znacky-blissoma\/\" aria-label=\"Pro\u010d pou\u017e\u00edvat organickou holistickou kosmetickou p\u00e9\u010di americk\u00e9 zna\u010dky Blissoma\u00ae?\"><img loading=\"lazy\" decoding=\"async\" width=\"300\" height=\"300\" src=\"https:\/\/www.stabajzna.cz\/wp-content\/uploads\/2025\/09\/1000121976-1-e1762808867524-300x300.jpg\" class=\"attachment-medium size-medium wp-post-image\" alt=\"\" style=\"\" srcset=\"https:\/\/www.stabajzna.cz\/wp-content\/uploads\/2025\/09\/1000121976-1-e1762808867524-300x300.jpg 300w, https:\/\/www.stabajzna.cz\/wp-content\/uploads\/2025\/09\/1000121976-1-e1762808867524-700x700.jpg 700w, https:\/\/www.stabajzna.cz\/wp-content\/uploads\/2025\/09\/1000121976-1-e1762808867524-150x150.jpg 150w, https:\/\/www.stabajzna.cz\/wp-content\/uploads\/2025\/09\/1000121976-1-e1762808867524.jpg 736w\" sizes=\"auto, (max-width: 300px) 100vw, 300px\" \/><\/a><\/div><a class=\"wp-block-latest-posts__post-title\" href=\"https:\/\/www.stabajzna.cz\/uvod\/proc-pouzivat-organickou-holistickou-kosmetickou-peci-americke-znacky-blissoma\/\">Pro\u010d pou\u017e\u00edvat organickou holistickou kosmetickou p\u00e9\u010di americk\u00e9 zna\u010dky Blissoma\u00ae?<\/a><div class=\"wp-block-latest-posts__post-excerpt\">Americkou zna\u010dku Blissoma\u00ae zalo\u017eila fytochemi\u010dka a bylink\u00e1\u0159ka Julie Longyear. Inspirov\u00e1na vlastn\u00edmi probl\u00e9my s mastnou, citlivou plet\u00ed n\u00e1chylnou k akn\u00e9, se rozhodla zkombinovat rostlinnou chemii a tradi\u010dn\u00ed bylink\u00e1\u0159stv\u00ed k vytvo\u0159en\u00ed 100% p\u0159\u00edrodn\u00ed a vegansk\u00e9 kosmetiky. Zna\u010dka je na trhu u\u017e neuv\u011b\u0159iteln\u00fdch 20 let. Julie je odbornice na holistickou p\u00e9\u010di o ple\u0165 a jej\u00ed v\u00e1\u0161n\u00ed je poskytovat&#8230;<\/div><\/li>\n<li><div class=\"wp-block-latest-posts__featured-image alignright\"><a href=\"https:\/\/www.stabajzna.cz\/uvod\/slow-living\/\" aria-label=\"Slow living\"><img loading=\"lazy\" decoding=\"async\" width=\"300\" height=\"300\" src=\"https:\/\/www.stabajzna.cz\/wp-content\/uploads\/2025\/09\/Navrh-bez-nazvu-scaled-e1762809025501-300x300.png\" class=\"attachment-medium size-medium wp-post-image\" alt=\"\" style=\"\" srcset=\"https:\/\/www.stabajzna.cz\/wp-content\/uploads\/2025\/09\/Navrh-bez-nazvu-scaled-e1762809025501-300x300.png 300w, https:\/\/www.stabajzna.cz\/wp-content\/uploads\/2025\/09\/Navrh-bez-nazvu-scaled-e1762809025501-700x700.png 700w, https:\/\/www.stabajzna.cz\/wp-content\/uploads\/2025\/09\/Navrh-bez-nazvu-scaled-e1762809025501-150x150.png 150w, https:\/\/www.stabajzna.cz\/wp-content\/uploads\/2025\/09\/Navrh-bez-nazvu-scaled-e1762809025501.png 736w\" sizes=\"auto, (max-width: 300px) 100vw, 300px\" \/><\/a><\/div><a class=\"wp-block-latest-posts__post-title\" href=\"https:\/\/www.stabajzna.cz\/uvod\/slow-living\/\">Slow living<\/a><div class=\"wp-block-latest-posts__post-excerpt\">Velmi \u010dasto dnes sly\u0161\u00edme o slow fashion, ale ono to nen\u00ed jen o m\u00f3d\u011b. Mnohem v\u00edce podle m\u011b to slov\u00ed\u010dko &#8222;slow&#8220; vysv\u011btluje pojem &#8222;slow living&#8220;, co\u017e m\u016f\u017eeme p\u0159elo\u017eit jako pomal\u00fd zp\u016fsob \u017eivota.<\/div><\/li>\n<\/ul>","protected":false},"excerpt":{"rendered":"","protected":false},"author":2,"featured_media":0,"parent":0,"menu_order":0,"comment_status":"closed","ping_status":"closed","template":"","meta":{"footnotes":""},"class_list":["post-1148","page","type-page","status-publish","hentry"],"_links":{"self":[{"href":"https:\/\/www.stabajzna.cz\/uvod\/wp-json\/wp\/v2\/pages\/1148","targetHints":{"allow":["GET"]}}],"collection":[{"href":"https:\/\/www.stabajzna.cz\/uvod\/wp-json\/wp\/v2\/pages"}],"about":[{"href":"https:\/\/www.stabajzna.cz\/uvod\/wp-json\/wp\/v2\/types\/page"}],"author":[{"embeddable":true,"href":"https:\/\/www.stabajzna.cz\/uvod\/wp-json\/wp\/v2\/users\/2"}],"replies":[{"embeddable":true,"href":"https:\/\/www.stabajzna.cz\/uvod\/wp-json\/wp\/v2\/comments?post=1148"}],"version-history":[{"count":5,"href":"https:\/\/www.stabajzna.cz\/uvod\/wp-json\/wp\/v2\/pages\/1148\/revisions"}],"predecessor-version":[{"id":1382,"href":"https:\/\/www.stabajzna.cz\/uvod\/wp-json\/wp\/v2\/pages\/1148\/revisions\/1382"}],"wp:attachment":[{"href":"https:\/\/www.stabajzna.cz\/uvod\/wp-json\/wp\/v2\/media?parent=1148"}],"curies":[{"name":"wp","href":"https:\/\/api.w.org\/{rel}","templated":true}]}}

<ul class="wp-block-latest-posts__list alignwide wp-block-latest-posts has-medium-font-size"><li><div class="wp-block-latest-posts__featured-image alignright"><a href="https://www.stabajzna.cz/uvod/proc-je-sebelaska-tak-dulezita/" aria-label="Proč je sebeláska tak důležitá?"><img loading="lazy" decoding="async" width="300" height="300" src="https://www.stabajzna.cz/wp-content/uploads/2025/11/Navrh-bez-nazvu-1-300x300.png" class="attachment-medium size-medium wp-post-image" alt="" style="" srcset="https://www.stabajzna.cz/wp-content/uploads/2025/11/Navrh-bez-nazvu-1-300x300.png 300w, https://www.stabajzna.cz/wp-content/uploads/2025/11/Navrh-bez-nazvu-1-700x700.png 700w, https://www.stabajzna.cz/wp-content/uploads/2025/11/Navrh-bez-nazvu-1-150x150.png 150w, https://www.stabajzna.cz/wp-content/uploads/2025/11/Navrh-bez-nazvu-1-768x768.png 768w, https://www.stabajzna.cz/wp-content/uploads/2025/11/Navrh-bez-nazvu-1-1536x1536.png 1536w, https://www.stabajzna.cz/wp-content/uploads/2025/11/Navrh-bez-nazvu-1-800x800.png 800w, https://www.stabajzna.cz/wp-content/uploads/2025/11/Navrh-bez-nazvu-1-e1762862041280.png 736w" sizes="auto, (max-width: 300px) 100vw, 300px" /></a></div><a class="wp-block-latest-posts__post-title" href="https://www.stabajzna.cz/uvod/proc-je-sebelaska-tak-dulezita/">Proč je sebeláska tak důležitá?</a><div class="wp-block-latest-posts__post-excerpt">není to klišé, moderní trend ani sobectví SEBE-LÁSKA Slovo, které dnes slyšíme téměř všude – v knihách, na sociálních sítích, v motivačních citátech. Často ho ale vnímáme zkresleně. Pro někoho znamená sebeláska jen povrchní sebestřednost, pro jiného prázdný trend, který zaplavuje internet. Jenže skutečná sebeláska nemá nic společného ani s narcismem, ani s módní vlnou&#8230;</div></li>
<li><div class="wp-block-latest-posts__featured-image alignright"><a href="https://www.stabajzna.cz/uvod/byt-jiny-je-krasne/" aria-label="Být jiný je krásné&#8230;"><img loading="lazy" decoding="async" width="300" height="300" src="https://www.stabajzna.cz/wp-content/uploads/2025/09/1f4878ea4bbc09541763cc7c4937e29d-e1762808659181-300x300.jpg" class="attachment-medium size-medium wp-post-image" alt="" style="" srcset="https://www.stabajzna.cz/wp-content/uploads/2025/09/1f4878ea4bbc09541763cc7c4937e29d-e1762808659181-300x300.jpg 300w, https://www.stabajzna.cz/wp-content/uploads/2025/09/1f4878ea4bbc09541763cc7c4937e29d-e1762808659181-700x700.jpg 700w, https://www.stabajzna.cz/wp-content/uploads/2025/09/1f4878ea4bbc09541763cc7c4937e29d-e1762808659181-150x150.jpg 150w, https://www.stabajzna.cz/wp-content/uploads/2025/09/1f4878ea4bbc09541763cc7c4937e29d-e1762808659181.jpg 736w" sizes="auto, (max-width: 300px) 100vw, 300px" /></a></div><a class="wp-block-latest-posts__post-title" href="https://www.stabajzna.cz/uvod/byt-jiny-je-krasne/">Být jiný je krásné&#8230;</a><div class="wp-block-latest-posts__post-excerpt">Být jiný je krásné. A já to vím.&nbsp; V dnešní době se všichni ženeme za dokonalostí – a přitom zapomínáme, že krása nemá jednu jedinou podobu. Já věřím, že právě jinakost dává člověku kouzlo a sílu. A že péči, dotek a chvíli klidu si zaslouží každý – bez ohledu na pohlaví, věk, tvar těla nebo&#8230;</div></li>
<li><div class="wp-block-latest-posts__featured-image alignright"><a href="https://www.stabajzna.cz/uvod/proc-pouzivat-organickou-holistickou-kosmetickou-peci-americke-znacky-blissoma/" aria-label="Proč používat organickou holistickou kosmetickou péči americké značky Blissoma®?"><img loading="lazy" decoding="async" width="300" height="300" src="https://www.stabajzna.cz/wp-content/uploads/2025/09/1000121976-1-e1762808867524-300x300.jpg" class="attachment-medium size-medium wp-post-image" alt="" style="" srcset="https://www.stabajzna.cz/wp-content/uploads/2025/09/1000121976-1-e1762808867524-300x300.jpg 300w, https://www.stabajzna.cz/wp-content/uploads/2025/09/1000121976-1-e1762808867524-700x700.jpg 700w, https://www.stabajzna.cz/wp-content/uploads/2025/09/1000121976-1-e1762808867524-150x150.jpg 150w, https://www.stabajzna.cz/wp-content/uploads/2025/09/1000121976-1-e1762808867524.jpg 736w" sizes="auto, (max-width: 300px) 100vw, 300px" /></a></div><a class="wp-block-latest-posts__post-title" href="https://www.stabajzna.cz/uvod/proc-pouzivat-organickou-holistickou-kosmetickou-peci-americke-znacky-blissoma/">Proč používat organickou holistickou kosmetickou péči americké značky Blissoma®?</a><div class="wp-block-latest-posts__post-excerpt">Americkou značku Blissoma® založila fytochemička a bylinkářka Julie Longyear. Inspirována vlastními problémy s mastnou, citlivou pletí náchylnou k akné, se rozhodla zkombinovat rostlinnou chemii a tradiční bylinkářství k vytvoření 100% přírodní a veganské kosmetiky. Značka je na trhu už neuvěřitelných 20 let. Julie je odbornice na holistickou péči o pleť a její vášní je poskytovat&#8230;</div></li>
<li><div class="wp-block-latest-posts__featured-image alignright"><a href="https://www.stabajzna.cz/uvod/slow-living/" aria-label="Slow living"><img loading="lazy" decoding="async" width="300" height="300" src="https://www.stabajzna.cz/wp-content/uploads/2025/09/Navrh-bez-nazvu-scaled-e1762809025501-300x300.png" class="attachment-medium size-medium wp-post-image" alt="" style="" srcset="https://www.stabajzna.cz/wp-content/uploads/2025/09/Navrh-bez-nazvu-scaled-e1762809025501-300x300.png 300w, https://www.stabajzna.cz/wp-content/uploads/2025/09/Navrh-bez-nazvu-scaled-e1762809025501-700x700.png 700w, https://www.stabajzna.cz/wp-content/uploads/2025/09/Navrh-bez-nazvu-scaled-e1762809025501-150x150.png 150w, https://www.stabajzna.cz/wp-content/uploads/2025/09/Navrh-bez-nazvu-scaled-e1762809025501.png 736w" sizes="auto, (max-width: 300px) 100vw, 300px" /></a></div><a class="wp-block-latest-posts__post-title" href="https://www.stabajzna.cz/uvod/slow-living/">Slow living</a><div class="wp-block-latest-posts__post-excerpt">Velmi často dnes slyšíme o slow fashion, ale ono to není jen o módě. Mnohem více podle mě to slovíčko &#8222;slow&#8220; vysvětluje pojem &#8222;slow living&#8220;, což můžeme přeložit jako pomalý způsob života.</div></li>
</ul>
