{"id":1146,"date":"2022-12-08T20:49:56","date_gmt":"2022-12-08T19:49:56","guid":{"rendered":"https:\/\/www.stabajzna.cz\/uvod\/?page_id=1146"},"modified":"2025-11-25T13:45:20","modified_gmt":"2025-11-25T12:45:20","slug":"cenik","status":"publish","type":"page","link":"https:\/\/www.stabajzna.cz\/uvod\/cenik\/","title":{"rendered":"FAQ &#8211; nej\u010dast\u011bj\u0161\u00ed ot\u00e1zky a odpov\u011bdi"},"content":{"rendered":"<div class=\"wp-block-image is-style-rounded\">\n<figure class=\"aligncenter size-large is-resized\"><a href=\"https:\/\/www.stabajzna.cz\/wp-content\/uploads\/2022\/12\/flower-2065299_1280.jpg\"><img loading=\"lazy\" decoding=\"async\" width=\"700\" height=\"446\" src=\"https:\/\/www.stabajzna.cz\/wp-content\/uploads\/2022\/12\/flower-2065299_1280-700x446.jpg\" alt=\"\" class=\"wp-image-1761\" style=\"width:500px\" srcset=\"https:\/\/www.stabajzna.cz\/wp-content\/uploads\/2022\/12\/flower-2065299_1280-700x446.jpg 700w, https:\/\/www.stabajzna.cz\/wp-content\/uploads\/2022\/12\/flower-2065299_1280-300x191.jpg 300w, https:\/\/www.stabajzna.cz\/wp-content\/uploads\/2022\/12\/flower-2065299_1280-768x490.jpg 768w, https:\/\/www.stabajzna.cz\/wp-content\/uploads\/2022\/12\/flower-2065299_1280-800x510.jpg 800w, https:\/\/www.stabajzna.cz\/wp-content\/uploads\/2022\/12\/flower-2065299_1280.jpg 1280w\" sizes=\"auto, (max-width: 700px) 100vw, 700px\" \/><\/a><\/figure>\n<\/div>\n\n\n<hr class=\"wp-block-separator has-alpha-channel-opacity is-style-wide\"\/>\n\n\n\n<p><strong>Pro\u010d si vybrat pr\u00e1v\u011b \u0160\u0165abajznu?<\/strong><\/p>\n\n\n\n<div class=\"wp-block-group is-vertical is-layout-flex wp-container-core-group-is-layout-8cf370e7 wp-block-group-is-layout-flex\">\n<p>Salon \u0160\u0165abajzna vznikl s&nbsp;velkou touhou p\u0159edat n\u011bco, co jen tak n\u011bkde nenajde\u0161. Spojen\u00ed t\u00e9 nejluxusn\u011bj\u0161\u00ed holistick\u00e9 kosmetick\u00e9 p\u0159\u00edrodn\u00ed p\u00e9\u010de, v&nbsp;kr\u00e1sn\u00e9m, p\u0159\u00edjemn\u00e9m prostoru. S&nbsp;respektem ke zdrav\u00ed Tvoj\u00ed k\u016f\u017ee, se z\u00e1jmem o Tebe a Tv\u016fj \u017eivotn\u00ed rytmus. Odpo\u010dinek, relax, fyzick\u00e9 i psychick\u00e9 uvoln\u011bn\u00ed je ve \u0160\u0165abajzn\u011b ned\u00edlnou sou\u010d\u00e1st\u00ed p\u00e9\u010de o Tebe.<\/p>\n\n\n\n<p>P\u0159i kosmetick\u00e9m o\u0161et\u0159en\u00ed v\u017edy jen jeden klient\/ka. \u017d\u00e1dn\u00e9 b\u00edl\u00e9 z\u00e1\u0159ivky, \u017e\u00e1dn\u00e9 um\u011bl\u00e9 v\u016fn\u011b, \u017e\u00e1dn\u00e9 b\u00edl\u00e9 steriln\u00ed prostory.<\/p>\n\n\n\n<p>\u00datulno, hudba, p\u0159\u00edtm\u00ed a nen\u00e1padn\u00fd pokyn k odpo\u010dinku pro Tv\u016fj p\u0159et\u00ed\u017een\u00fd mozek.  A to v\u0161echno nech\u00e1\u0161 po o\u0161et\u0159en\u00ed hezky svou hlavu zpracovat. Pomalu, pomalinku. Zat\u00edmco se p\u0159ipravuje \u010daj, Tv\u00e1 mysl je uvoln\u011bn\u00e1 a nech\u00e1v\u00e1 my\u0161lenky plynout. T\u011blo se pomalu probouz\u00ed a rozh\u00fdbe. \u017d\u00e1dn\u00fd sp\u011bch, \u017e\u00e1dn\u00fd \u00faprk. <\/p>\n\n\n\n<blockquote class=\"wp-block-quote is-layout-flow wp-block-quote-is-layout-flow\">\n<p><strong><em>Tady se nesp\u011bch\u00e1. Tady se pro\u017e\u00edv\u00e1. <\/em><\/strong><\/p>\n<\/blockquote>\n<\/div>\n\n\n\n<hr class=\"wp-block-separator has-alpha-channel-opacity is-style-wide\"\/>\n\n\n\n<p><strong>Mohu zakoupit d\u00e1rkov\u00fd poukaz?<\/strong><\/p>\n\n\n\n<p>M\u00e1\u0161 z\u00e1jem o d\u00e1rkov\u00fd poukaz na n\u011bjakou slu\u017ebu? Nen\u00ed probl\u00e9m! Bu\u010f formou PDF do e-mailu, nebo v pap\u00edrov\u00e9 podob\u011b na adresu. Napi\u0161 mi a domluv\u00edme se:  <a href=\"mailto:salon@stabajzna.cz\">salon@stabajzna.cz<\/a><\/p>\n\n\n\n<p><strong>Mohu si slou\u010dit dv\u011b slu\u017eby dohromady?<\/strong><\/p>\n\n\n\n<p>Jsi z daleka, ale chce\u0161 si ud\u011blat sv\u016fj den kr\u00e1sy ve \u0160\u0165abajzn\u011b a slou\u010dit si nap\u0159. Blissoma ritu\u00e1l se vstupn\u00ed konzultac\u00ed s kurzem l\u00ed\u010den\u00ed? Nen\u00ed probl\u00e9m! Najdi si v rezerva\u010dn\u00edm syst\u00e9mu voln\u00fd term\u00edn a zarezervuj si ob\u011b slu\u017eby po sob\u011b. Syst\u00e9m po\u010d\u00edt\u00e1 automaticky s \u010dasem mezi slu\u017ebami, ale v salonu je nav\u00e1\u017eeme na sebe, dle Tv\u00fdch pot\u0159eb.<\/p>\n\n\n\n<hr class=\"wp-block-separator has-alpha-channel-opacity\"\/>\n\n\n\n<p><strong>Pro\u010d jsem do salonu vybrala profesion\u00e1ln\u00ed kosmetickou zna\u010dku Blissoma\u00ae?<\/strong><\/p>\n\n\n\n<p>Dlouho jsem rozm\u00fd\u0161lela a hledala tu spr\u00e1vnou zna\u010dku kosmetiky do sv\u00e9ho salonu. P\u016fvodn\u00ed my\u0161lenka byla naj\u00edt zna\u010dku lok\u00e1ln\u00ed, \u010deskou. Bohu\u017eel jsem ale nena\u0161la \u017e\u00e1dnou, kter\u00e1 by spl\u0148ovala m\u00e1 n\u00e1ro\u010dn\u00e1 krit\u00e9ria a byla ur\u010dena do salon\u016f. I na na\u0161em trhu se daj\u00ed naj\u00edt p\u011bkn\u00e9 zna\u010dky, ale bu\u010f nejsou ucelen\u00e9, nebo nejsou sal\u00f3nn\u00ed, nebo jsou a\u017e moc &#8222;mnoha krokov\u00e9&#8220; (klientka pak z\u00edsk\u00e1 pocit, \u017ee se v koupeln\u011b neobejde bez 10 krok\u016f rutiny, aby m\u011bla zdravou, p\u011bknou ple\u0165), p\u0159\u00edpadn\u011b jsou zalo\u017eeny jen na olej\u00edch a m\u00e1slech. A to z m\u00e9ho pohledu nen\u00ed z dlouhodob\u00e9ho hlediska pro ple\u0165 p\u0159\u00ednosn\u00e9. <\/p>\n\n\n\n<p>Pak jsem poznala, a hlavn\u011b testovala americkou Blissomu, a bylo to jednozna\u010dn\u00e9. Nic podobn\u00e9ho jsem toti\u017e sama na pleti nikdy nem\u011bla, a to jsem za ty roky vyzkou\u0161ela skoro v\u0161e, co se na poli p\u0159\u00edrodn\u00ed p\u00e9\u010de d\u00e1 vyzkou\u0161et. Uchv\u00e1tila m\u011b nejen kvalita, \u00fa\u010dinky, konzistence a tak d\u00e1le, ale hlavn\u011b i cel\u00fd p\u0159esah t\u00e9to holistick\u00e9 zna\u010dky. Od etick\u00e9 a jedine\u010dn\u00e9 v\u00fdroby, po v\u00fdjime\u010dn\u00e9 ingredience, a\u017e po p\u0159\u00edb\u011bh a r\u016fst samotn\u00e9 zna\u010dky. Ten p\u0159esah, to n\u011bco, co skute\u010dn\u011b chytne za srdce, to je p\u0159esn\u011b to, co jsem hledala. Byla to l\u00e1ska na prvn\u00ed dotek, v\u016fni, vyzkou\u0161en\u00ed.<\/p>\n\n\n\n<p>Dovol\u00edm si hl\u00e1\u0161ku z jednoho filmu: <\/p>\n\n\n\n<blockquote class=\"wp-block-quote is-layout-flow wp-block-quote-is-layout-flow\">\n<p>M\u00e1m velice jednoduch\u00fd vkus. Spokoj\u00edm se s t\u00edm nejlep\u0161\u00edm. \ud83d\ude42<\/p>\n<\/blockquote>\n\n\n\n<hr class=\"wp-block-separator aligncenter has-alpha-channel-opacity is-style-wide\"\/>\n\n\n\n<p><strong>Pro koho je Blissoma\u00ae vhodn\u00e1?<\/strong><\/p>\n\n\n\n<p>Kosmetika zna\u010dky Blissoma\u00ae je vhodn\u00e1 pro kohokoli, kdo \u0159e\u0161\u00ed, nebo chce \u0159e\u0161it zdrav\u00ed svoj\u00ed k\u016f\u017ee. Pro toho, kdo nehled\u00e1 jen p\u011bkn\u00fd obal nebo \u010dist\u00e9 slo\u017een\u00ed, ale chce, aby jeho poko\u017eka nebyla jen kr\u00e1sn\u00e1 a vy\u017eiven\u00e1, ale byla v prvn\u00edm p\u0159\u00edpad\u011b opravdu zdrav\u00e1.<\/p>\n\n\n\n<p>Je vhodn\u00e1 i pro tu nejcitliv\u011bj\u0161\u00ed poko\u017eku, dokonce i pro ple\u0165 exematickou, s rosaceou, ple\u0165 dehydratovanou nebo reaktivn\u00ed.<\/p>\n\n\n\n<hr class=\"wp-block-separator has-alpha-channel-opacity is-style-wide\"\/>\n\n\n\n<p><strong>Jak se m\u016f\u017eu objednat do salonu?<\/strong><\/p>\n\n\n\n<p>Do \u0160\u0165abajzny se m\u016f\u017ee\u0161 objednat p\u0159es rezerva\u010dn\u00ed syst\u00e9m <a href=\"https:\/\/www.fresha.com\/cs\/book-now\/stabajzna-prirodni-organicky-kosmeticky-salon-cpgza6at\/services?lid=2743362&amp;eid=4841083&amp;share=true&amp;pId=2654153\" data-type=\"link\" data-id=\"https:\/\/www.fresha.com\/cs\/book-now\/stabajzna-prirodni-organicky-kosmeticky-salon-cpgza6at\/services?lid=2743362&amp;eid=4841083&amp;share=true&amp;pId=2654153\" target=\"_blank\" rel=\"noreferrer noopener\"><strong><mark style=\"background-color:rgba(0, 0, 0, 0)\" class=\"has-inline-color has-vivid-red-color\">ZDE<\/mark><\/strong><\/a>.<\/p>\n\n\n\n<hr class=\"wp-block-separator has-alpha-channel-opacity is-style-wide\"\/>\n\n\n\n<p><strong>Pro\u010d se mus\u00edm objedn\u00e1vat p\u0159es rezerva\u010dn\u00ed syst\u00e9m s platbou p\u0159edem?<\/strong><\/p>\n\n\n\n<p>Proto\u017ee si velice v\u00e1\u017e\u00edm sv\u00e9ho, ale i Tv\u00e9ho \u010dasu. Pro Tebe je to pohodln\u00fd zp\u016fsob, jak si zajistit sv\u016fj term\u00edn.  Tak\u00e9 se nem\u016f\u017ee st\u00e1t, \u017ee d\u00edky nezodpov\u011bdn\u00e9 klientce, kter\u00e1 nep\u0159ijde a jej\u00ed\u017e term\u00edn u\u017e nelze nahradit, \u010dek\u00e1\u0161 pak na sv\u016fj term\u00edn dlouhou dobu. <\/p>\n\n\n\n<hr class=\"wp-block-separator has-alpha-channel-opacity is-style-wide\"\/>\n\n\n\n<p><strong>Lze p\u0159esunout term\u00edn objednan\u00e9 slu\u017eby?<\/strong><\/p>\n\n\n\n<p>Ano, lze. Term\u00edn je mo\u017en\u00e9 p\u0159esunout NEJPOZD\u011aJI 24h p\u0159ed za\u010d\u00e1tkem objednan\u00e9 slu\u017eby a ud\u011bl\u00e1\u0161 to p\u0159\u00edmo v rezerva\u010dn\u00edm syst\u00e9mu. <\/p>\n\n\n\n<hr class=\"wp-block-separator has-alpha-channel-opacity is-style-wide\"\/>\n\n\n\n<p><strong>JAK A KDY p\u0159ij\u00edt na kosmetick\u00e9 o\u0161et\u0159en\u00ed?<\/strong><\/p>\n\n\n\n<p>Do \u0160\u0165abajzny si n\u00e1v\u0161t\u011bvu nejl\u00e9pe napl\u00e1nuj tak, aby T\u011b u\u017e pak ne\u010dekala \u017e\u00e1dn\u00e1 n\u00e1ro\u010dn\u00e1 aktivita, tak\u017ee ani fitko nebo cvi\u010den\u00ed. Jde\u0161 nejen pe\u010dovat o svou ple\u0165, ale taky se zrelaxovat. U\u017eij si naplno ten \u010das pro sebe.<\/p>\n\n\n\n<ul class=\"wp-block-list\">\n<li>NEMYJ SI P\u0158ED N\u00c1V\u0160T\u011aVOU VLASY a ano, klidn\u011b p\u0159ij\u010f u\u017e s&nbsp;mastn\u00fdmi. Ano, u m\u011b jsou nemyt\u00e9 vlasy v\u00edtan\u00e9! \ud83d\ude00 Sou\u010d\u00e1st\u00ed masky je uvol\u0148uj\u00edc\u00ed mas\u00e1\u017e hlavy a byla by \u0161koda si ji neu\u017e\u00edt naplno. Gumi\u010dky na sepnut\u00ed vlas\u016f najde\u0161 u m\u011b v kabince a pokud m\u00e1\u0161 pot\u0159ebu, p\u0159ibal \u010depici nebo klobouk a je to. Pokud by Ti mas\u00e1\u017e hlavy nevyhovovala, domluv\u00edme se nap\u0159. na mas\u00e1\u017ei rukou. I tak, ale po\u010d\u00edtej, pros\u00edm, s&nbsp;t\u00edm, \u017ee i p\u0159es kosmetickou \u010delenku se olej z&nbsp;obli\u010deje m\u016f\u017ee do vlas\u016f trochu dostat.<\/li>\n\n\n\n<li>P\u0159ij\u010f v pohodln\u00e9m! Mysli pros\u00edm na sv\u00e9 pohodl\u00ed, tak\u017ee klidn\u011b p\u0159ij\u010f v&nbsp;tepl\u00e1k\u00e1ch nebo leg\u00edn\u00e1ch.<\/li>\n\n\n\n<li>Pokud nos\u00ed\u0161 kontaktn\u00ed \u010do\u010dky, vezmi si sebou rad\u011bji i br\u00fdle, a nebo ve \u0160\u0165abajzn\u011b najde\u0161 p\u0159\u00edpadn\u011b i roztok a pouzdro na \u010do\u010dky. \ud83d\ude42<\/li>\n\n\n\n<li>Pokud jsi t\u011bhotn\u00e1, ur\u010dit\u011b to nevad\u00ed, jen uzp\u016fsob\u00edme o\u0161et\u0159en\u00ed. Pros\u00edm napi\u0161 mi to p\u0159i rezervaci.<\/li>\n<\/ul>\n\n\n\n<hr class=\"wp-block-separator has-alpha-channel-opacity\"\/>\n\n\n\n<p><strong>Kdy nechodit na kosmetick\u00e9 o\u0161et\u0159en\u00ed?<\/strong><\/p>\n\n\n\n<ul class=\"wp-block-list\">\n<li>Pokud jsi nemocn\u00e1: ch\u0159ipka, vir\u00f3za, ang\u00edna, teplota, r\u00fdma, bolest v&nbsp;krku, zub\u016f nebo u\u0161\u00ed atd.<\/li>\n\n\n\n<li>Pokud m\u00e1\u0161 tyto ko\u017en\u00ed projevy v obli\u010deji: pl\u00edsn\u011b, opary, r\u00e1ny, sp\u00e1len\u00ed od slunce, akutn\u00ed dermatitida, z\u00e1n\u011bt spojivek, je\u010dn\u00e9 zrno atd.<\/li>\n\n\n\n<li>Pokud jsi m\u00e9n\u011b jak 3 m\u011bs\u00edce po operaci v&nbsp;oblasti obli\u010deje (nos atd.)<\/li>\n\n\n\n<li>Pokud jsi m\u00e9n\u011b jak 3 t\u00fddny po kosmetick\u00e9 v\u00fdplni v&nbsp;obli\u010deji (nap\u0159. botox, kolagen atd.)<\/li>\n\n\n\n<li>Pokud jsi onkologicky nemocn\u00fd pacient (nutn\u00e1 konzultace s&nbsp;l\u00e9ka\u0159em)<\/li>\n\n\n\n<li>Pokud m\u00e1\u0161 ekz\u00e9m\/lup\u00e9nku v&nbsp;akutn\u00ed f\u00e1zi<\/li>\n<\/ul>\n\n\n\n<hr class=\"wp-block-separator has-alpha-channel-opacity\"\/>\n\n\n\n<p><strong>Mus\u00edm v&nbsp;salonu koupit kosmetiku pro dom\u00e1c\u00ed p\u00e9\u010di o ple\u0165?<\/strong><\/p>\n\n\n\n<p>M\u016f\u017ee\u0161, kdy\u017e bude\u0161 cht\u00edt. Ale opravdu nemus\u00ed\u0161. J\u00e1 Ti samoz\u0159ejm\u011b doporu\u010d\u00edm vhodn\u00e9 produkty pro Tvou ple\u0165, obzvl\u00e1\u0161\u0165, pokud chce\u0161 dos\u00e1hnout co nejlep\u0161\u00edch v\u00fdsledk\u016f. Ale rozhodn\u011b nic nikomu nenut\u00edm!<\/p>\n\n\n\n<blockquote class=\"wp-block-quote is-layout-flow wp-block-quote-is-layout-flow\">\n<p>M\u016f\u017ee\u0161 se klidn\u011b p\u0159ij\u00edt jen tak ope\u010dovat :-).<\/p>\n<\/blockquote>\n\n\n\n<hr class=\"wp-block-separator has-alpha-channel-opacity\"\/>\n\n\n\n<p><strong>Pro\u010d v salonu nepou\u017e\u00edv\u00e1m p\u0159\u00edstroje<\/strong>?<\/p>\n\n\n\n<p>V m\u00e9m salonu v\u011b\u0159\u00edm, \u017ee prav\u00e1 p\u00e9\u010de o ple\u0165 nen\u00ed jen o technologii, ale hlavn\u011b o p\u0159\u00edstupu.<\/p>\n\n\n\n<p>Pracuji s p\u0159\u00edrodn\u00ed, holistickou kosmetikou, kter\u00e1 stimuluje ple\u0165 jemn\u011b, ale do hloubky \u2013 bez naru\u0161ov\u00e1n\u00ed jej\u00ed p\u0159irozen\u00e9 rovnov\u00e1hy.<br>V\u011b\u0159\u00edm v s\u00edlu doteku, rytmu, dechu a kvality ingredienc\u00ed \u2013 ne v tlak, zvuk nebo sv\u011btlo p\u0159\u00edstroj\u016f.<\/p>\n\n\n\n<p>O\u0161et\u0159en\u00ed vn\u00edm\u00e1m jako ritu\u00e1l klidu a uzemn\u011bn\u00ed, kde m\u016f\u017ee ple\u0165 i mysl regenerovat v bezpe\u010dn\u00e9m prostoru. <\/p>\n\n\n\n<p>U m\u011b v salonu nenajdete p\u0159\u00edstroje.  Najdete ale dotek, v\u016fni bylin, klid a prostor, kde ple\u0165 m\u016f\u017ee opravdu d\u00fdchat.<\/p>\n\n\n\n<blockquote class=\"wp-block-quote is-layout-flow wp-block-quote-is-layout-flow\">\n<p>\ud83c\udf3f Holistick\u00e1 p\u00e9\u010de = respekt k pleti, ne tlak na v\u00fdkon.<\/p>\n<\/blockquote>\n\n\n\n<p>Jedin\u00fd p\u0159\u00edstroj, kter\u00fd tvo\u0159\u00ed v\u00fdjimku, je ioniza\u010dn\u00ed napa\u0159ova\u010d pleti, a to pro sv\u00e9 dezinfek\u010dn\u00ed a zvlh\u010duj\u00edc\u00ed \u00fa\u010dinky. <\/p>\n\n\n\n<hr class=\"wp-block-separator has-alpha-channel-opacity\"\/>\n\n\n\n<p><strong>M\u00e1m p\u0159ij\u00edt na kosmetick\u00e9 o\u0161et\u0159en\u00ed nenal\u00ed\u010den\u00e1?<\/strong><\/p>\n\n\n\n<p>Je to \u00fapln\u011b jedno, je to na Tob\u011b. J\u00e1 T\u011b v\u017edy na za\u010d\u00e1tku o\u0161et\u0159en\u00ed odl\u00ed\u010d\u00edm. L\u00ed\u010dit se ke mn\u011b v&nbsp;\u017e\u00e1dn\u00e9m p\u0159\u00edpad\u011b nemus\u00ed\u0161.<\/p>\n\n\n\n<hr class=\"wp-block-separator has-alpha-channel-opacity\"\/>\n\n\n\n<p><strong>Mus\u00edm se na kosmetick\u00e9 o\u0161et\u0159en\u00ed svl\u00e9knout?<\/strong><\/p>\n\n\n\n<p>P\u0159i kosmetick\u00e9m o\u0161et\u0159en\u00ed se mas\u00edruje i krk, dekolt, trap\u00e9zy, i ramena. Pot\u0159ebuji tedy p\u0159\u00edstup k&nbsp;t\u011bmto m\u00edst\u016fm. Ka\u017edop\u00e1dn\u011b se nemus\u00ed\u0161 ni\u010deho ob\u00e1vat. V\u00edm, jak nep\u0159\u00edjemn\u00e9 je p\u0159ed n\u011bk\u00fdm se svl\u00e9kat, a pro m\u011b je Tv\u016fj komfort svat\u00fd. Ve \u0160\u0165abajzn\u011b se p\u0159evl\u00e9kne\u0161 v&nbsp;pohodln\u00e9 kabince a obl\u00e9kne\u0161 si \u010dist\u00e9, pohodln\u00e9 ru\u010dn\u00edkov\u00e9 \u0161aty\/kilt, kter\u00e9 zakryj\u00ed, co maj\u00ed. Ty bude\u0161 m\u00edt pohodl\u00ed a nikde nebude nic tla\u010dit.<\/p>\n\n\n\n<hr class=\"wp-block-separator has-alpha-channel-opacity\"\/>\n\n\n\n<p><strong>Jsem korpulentn\u00ed postavy, je na to salon p\u0159ipraven\u00fd?<\/strong><\/p>\n\n\n\n<p>ANO! Sama jsem velk\u00e1 \u017eena a je pro m\u011b naprostou prioritou, aby se u m\u011b \u017e\u00e1dn\u00e1 \u017eena (ani mu\u017e) nec\u00edtila nep\u0159\u00edjemn\u011b a m\u011bla pocit, \u017ee j\u00ed budou padat ruce z leh\u00e1tka nebo se s n\u00ed nedej bo\u017ee p\u0159evrhne. S\u00a0t\u00edmto ohledem jsem vyb\u00edrala i byteln\u00e9, \u0161irok\u00e9 leh\u00e1tko s\u00a0velkou nosnost\u00ed 200kg. Stejn\u011b tak kosmetick\u00e9 \u0161aty na p\u0159evle\u010den\u00ed jsem si nechala u\u0161\u00edt na m\u00edru pro v\u011bt\u0161\u00ed klientky, aby se c\u00edtily komfortn\u011b. Tak\u017ee \u017e\u00e1dn\u00e9 obavy \ud83d\ude42<\/p>\n\n\n\n<hr class=\"wp-block-separator has-alpha-channel-opacity\"\/>\n\n\n\n<p><strong>M\u00e1m bolav\u00e1 z\u00e1da a nev\u00edm, jestli vydr\u017e\u00edm tak dlouho le\u017eet, m\u00e1 to \u0159e\u0161en\u00ed?<\/strong><\/p>\n\n\n\n<p>Ano m\u00e1. M\u00e1m velice pohodln\u00e9 elektrick\u00e9 polohovac\u00ed leh\u00e1tko s vysok\u00fdm polstrov\u00e1n\u00edm a \u010dty\u0159mi motory, kter\u00e9 nav\u00edc nastavuji tak, aby anatomicky kop\u00edrovalo t\u011blo. D\u00e1 se velmi dob\u0159e uzp\u016fsobit Tvoj\u00ed pot\u0159eb\u011b. A vyh\u0159\u00edv\u00e1n\u00ed by mohlo Tv\u00fdm z\u00e1d\u016fm takt\u00e9\u017e prosp\u011bt. Tak\u017ee \u017e\u00e1dn\u00fd strach. To stejn\u00e9 plat\u00ed pro nast\u00e1vaj\u00edc\u00ed maminky nebo dal\u0161\u00ed omezen\u00ed. V\u017edy se sna\u017e\u00edm maxim\u00e1ln\u011b vyj\u00edt vst\u0159\u00edc.<\/p>\n\n\n\n<blockquote class=\"wp-block-quote is-layout-flow wp-block-quote-is-layout-flow\">\n<p>Tvoje pohodl\u00ed a spokojenost je moje naprost\u00e1 priorita.<\/p>\n<\/blockquote>\n\n\n\n<hr class=\"wp-block-separator has-alpha-channel-opacity\"\/>\n\n\n\n<p><strong>Co kdy\u017e si chci zakoupit kosmetiku, ale nem\u00e1te ji skladem?<\/strong><\/p>\n\n\n\n<p>Pokud n\u011bco nem\u00e1m skladem, r\u00e1da pro Tebe obratem zbo\u017e\u00ed objedn\u00e1m a zdarma po\u0161lu na Tvou adresu. Nav\u00edc p\u0159id\u00e1m mal\u00fd d\u00e1rek jako omluvu za \u010dek\u00e1n\u00ed. \ud83d\ude0a<\/p>\n\n\n\n<p><\/p>\n\n\n\n<p><\/p>\n\n\n\n<p style=\"font-size:18px\"><\/p>\n","protected":false},"excerpt":{"rendered":"<p>Pro\u010d si vybrat pr\u00e1v\u011b \u0160\u0165abajznu? Salon \u0160\u0165abajzna vznikl s&nbsp;velkou touhou p\u0159edat n\u011bco, co jen tak n\u011bkde nenajde\u0161. Spojen\u00ed t\u00e9 nejluxusn\u011bj\u0161\u00ed holistick\u00e9 kosmetick\u00e9 p\u0159\u00edrodn\u00ed p\u00e9\u010de, v&nbsp;kr\u00e1sn\u00e9m, p\u0159\u00edjemn\u00e9m prostoru. S&nbsp;respektem ke zdrav\u00ed Tvoj\u00ed k\u016f\u017ee, se z\u00e1jmem o Tebe a Tv\u016fj \u017eivotn\u00ed rytmus. Odpo\u010dinek, relax, fyzick\u00e9 i psychick\u00e9 uvoln\u011bn\u00ed je ve \u0160\u0165abajzn\u011b ned\u00edlnou sou\u010d\u00e1st\u00ed p\u00e9\u010de o Tebe. P\u0159i&#8230;<\/p>\n","protected":false},"author":2,"featured_media":0,"parent":0,"menu_order":0,"comment_status":"closed","ping_status":"closed","template":"","meta":{"footnotes":""},"class_list":["post-1146","page","type-page","status-publish","hentry"],"_links":{"self":[{"href":"https:\/\/www.stabajzna.cz\/uvod\/wp-json\/wp\/v2\/pages\/1146","targetHints":{"allow":["GET"]}}],"collection":[{"href":"https:\/\/www.stabajzna.cz\/uvod\/wp-json\/wp\/v2\/pages"}],"about":[{"href":"https:\/\/www.stabajzna.cz\/uvod\/wp-json\/wp\/v2\/types\/page"}],"author":[{"embeddable":true,"href":"https:\/\/www.stabajzna.cz\/uvod\/wp-json\/wp\/v2\/users\/2"}],"replies":[{"embeddable":true,"href":"https:\/\/www.stabajzna.cz\/uvod\/wp-json\/wp\/v2\/comments?post=1146"}],"version-history":[{"count":70,"href":"https:\/\/www.stabajzna.cz\/uvod\/wp-json\/wp\/v2\/pages\/1146\/revisions"}],"predecessor-version":[{"id":2108,"href":"https:\/\/www.stabajzna.cz\/uvod\/wp-json\/wp\/v2\/pages\/1146\/revisions\/2108"}],"wp:attachment":[{"href":"https:\/\/www.stabajzna.cz\/uvod\/wp-json\/wp\/v2\/media?parent=1146"}],"curies":[{"name":"wp","href":"https:\/\/api.w.org\/{rel}","templated":true}]}}