{"id":1145,"date":"2022-12-08T20:49:56","date_gmt":"2022-12-08T19:49:56","guid":{"rendered":"https:\/\/www.stabajzna.cz\/uvod\/?page_id=1145"},"modified":"2025-10-12T17:47:07","modified_gmt":"2025-10-12T15:47:07","slug":"sluzby","status":"publish","type":"page","link":"https:\/\/www.stabajzna.cz\/uvod\/sluzby\/","title":{"rendered":"Slu\u017eby"},"content":{"rendered":"<ul class=\"wp-block-latest-posts__list is-grid columns-3 alignwide wp-block-latest-posts\"><li><div class=\"wp-block-latest-posts__featured-image aligncenter\"><a href=\"https:\/\/www.stabajzna.cz\/uvod\/blissoma-prvni-navsteva\/\" aria-label=\"&lt;b&gt;BLISSOMA\u00ae organick\u00fd kosmetick\u00fd ritu\u00e1l pro \u017eeny i mu\u017ee + vstupn\u00ed konzultace           (PRVN\u00cd N\u00c1V\u0160T\u011aVA)&lt;\/b&gt;\"><img loading=\"lazy\" decoding=\"async\" width=\"300\" height=\"186\" src=\"https:\/\/www.stabajzna.cz\/wp-content\/uploads\/2025\/09\/1000121976-e1758803678255-300x186.jpg\" class=\"attachment-medium size-medium wp-post-image\" alt=\"\" style=\"\" srcset=\"https:\/\/www.stabajzna.cz\/wp-content\/uploads\/2025\/09\/1000121976-e1758803678255-300x186.jpg 300w, https:\/\/www.stabajzna.cz\/wp-content\/uploads\/2025\/09\/1000121976-e1758803678255-700x434.jpg 700w, https:\/\/www.stabajzna.cz\/wp-content\/uploads\/2025\/09\/1000121976-e1758803678255-768x476.jpg 768w, https:\/\/www.stabajzna.cz\/wp-content\/uploads\/2025\/09\/1000121976-e1758803678255-800x496.jpg 800w, https:\/\/www.stabajzna.cz\/wp-content\/uploads\/2025\/09\/1000121976-e1758803678255-482x300.jpg 482w, https:\/\/www.stabajzna.cz\/wp-content\/uploads\/2025\/09\/1000121976-e1758803678255.jpg 1078w\" sizes=\"auto, (max-width: 300px) 100vw, 300px\" \/><\/a><\/div><a class=\"wp-block-latest-posts__post-title\" href=\"https:\/\/www.stabajzna.cz\/uvod\/blissoma-prvni-navsteva\/\"><b>BLISSOMA\u00ae organick\u00fd kosmetick\u00fd ritu\u00e1l pro \u017eeny i mu\u017ee + vstupn\u00ed konzultace           (PRVN\u00cd N\u00c1V\u0160T\u011aVA)<\/b><\/a><div class=\"wp-block-latest-posts__post-excerpt\">Zdrav\u00ed Tvoj\u00ed k\u016f\u017ee je na prvn\u00edm m\u00edst\u011b. Pokud chce\u0161 chodit na kosmetick\u00e1 o\u0161et\u0159en\u00ed, tato n\u00e1v\u0161t\u011bva je nezbytn\u00e1. <\/div><\/li>\n<li><div class=\"wp-block-latest-posts__featured-image aligncenter\"><a href=\"https:\/\/www.stabajzna.cz\/uvod\/blissoma-stavajici-klientka\/\" aria-label=\"&lt;B&gt;BLISSOMA\u00ae organick\u00fd kosmetick\u00fd ritu\u00e1l pro \u017eeny i mu\u017ee (ST\u00c1VAJ\u00cdC\u00cd KLIENT\/KA)&lt;\/B&gt;\"><img loading=\"lazy\" decoding=\"async\" width=\"300\" height=\"189\" src=\"https:\/\/www.stabajzna.cz\/wp-content\/uploads\/2022\/12\/ease-3106608_1280-300x189.jpg\" class=\"attachment-medium size-medium wp-post-image\" alt=\"\" style=\"\" srcset=\"https:\/\/www.stabajzna.cz\/wp-content\/uploads\/2022\/12\/ease-3106608_1280-300x189.jpg 300w, https:\/\/www.stabajzna.cz\/wp-content\/uploads\/2022\/12\/ease-3106608_1280-700x441.jpg 700w, https:\/\/www.stabajzna.cz\/wp-content\/uploads\/2022\/12\/ease-3106608_1280-768x484.jpg 768w, https:\/\/www.stabajzna.cz\/wp-content\/uploads\/2022\/12\/ease-3106608_1280-800x504.jpg 800w, https:\/\/www.stabajzna.cz\/wp-content\/uploads\/2022\/12\/ease-3106608_1280.jpg 1280w\" sizes=\"auto, (max-width: 300px) 100vw, 300px\" \/><\/a><\/div><a class=\"wp-block-latest-posts__post-title\" href=\"https:\/\/www.stabajzna.cz\/uvod\/blissoma-stavajici-klientka\/\"><B>BLISSOMA\u00ae organick\u00fd kosmetick\u00fd ritu\u00e1l pro \u017eeny i mu\u017ee (ST\u00c1VAJ\u00cdC\u00cd KLIENT\/KA)<\/B><\/a><div class=\"wp-block-latest-posts__post-excerpt\">Kosmetick\u00e9 o\u0161et\u0159en\u00ed luxusn\u00ed holistickou organickou p\u00e9\u010d\u00ed, postavenou na dynamick\u00fdch ekosyst\u00e9mech p\u00e9\u010de o ple\u0165.<\/div><\/li>\n<li><div class=\"wp-block-latest-posts__featured-image aligncenter\"><a href=\"https:\/\/www.stabajzna.cz\/uvod\/clean-beauty-makeup-skincare\/\" aria-label=\"&lt;B&gt;Individu\u00e1ln\u00ed kurz l\u00ed\u010den\u00ed a p\u00e9\u010de o ple\u0165 \u201eClean beauty make-up + skincare\u201c&lt;\/B&gt;\"><img loading=\"lazy\" decoding=\"async\" width=\"300\" height=\"201\" src=\"https:\/\/www.stabajzna.cz\/wp-content\/uploads\/2025\/09\/ISOtsFvA-scaled-e1759564037496-300x201.jpeg\" class=\"attachment-medium size-medium wp-post-image\" alt=\"\" style=\"\" srcset=\"https:\/\/www.stabajzna.cz\/wp-content\/uploads\/2025\/09\/ISOtsFvA-scaled-e1759564037496-300x201.jpeg 300w, https:\/\/www.stabajzna.cz\/wp-content\/uploads\/2025\/09\/ISOtsFvA-scaled-e1759564037496-700x469.jpeg 700w, https:\/\/www.stabajzna.cz\/wp-content\/uploads\/2025\/09\/ISOtsFvA-scaled-e1759564037496-768x515.jpeg 768w, https:\/\/www.stabajzna.cz\/wp-content\/uploads\/2025\/09\/ISOtsFvA-scaled-e1759564037496-1536x1029.jpeg 1536w, https:\/\/www.stabajzna.cz\/wp-content\/uploads\/2025\/09\/ISOtsFvA-scaled-e1759564037496-2048x1372.jpeg 2048w, https:\/\/www.stabajzna.cz\/wp-content\/uploads\/2025\/09\/ISOtsFvA-scaled-e1759564037496-800x536.jpeg 800w\" sizes=\"auto, (max-width: 300px) 100vw, 300px\" \/><\/a><\/div><a class=\"wp-block-latest-posts__post-title\" href=\"https:\/\/www.stabajzna.cz\/uvod\/clean-beauty-makeup-skincare\/\"><B>Individu\u00e1ln\u00ed kurz l\u00ed\u010den\u00ed a p\u00e9\u010de o ple\u0165 \u201eClean beauty make-up + skincare\u201c<\/B><\/a><div class=\"wp-block-latest-posts__post-excerpt\">Provedu diagnostiku pleti, sestav\u00edm Ti skin care rutinu, kterou si na\u017eivo vyzkou\u0161\u00ed\u0161 krok po kroku sama na sob\u011b. Po dokonale p\u0159ipraven\u00e9 pleti se budeme v\u011bnovat l\u00ed\u010den\u00ed.<\/div><\/li>\n<li><div class=\"wp-block-latest-posts__featured-image aligncenter\"><a href=\"https:\/\/www.stabajzna.cz\/uvod\/clean-beauty-makeup\/\" aria-label=\"&lt;B&gt;Individu\u00e1ln\u00ed kurz l\u00ed\u010den\u00ed \u201eClean beauty make-up\u201c&lt;\/B&gt;\"><img loading=\"lazy\" decoding=\"async\" width=\"300\" height=\"191\" src=\"https:\/\/www.stabajzna.cz\/wp-content\/uploads\/2022\/12\/makeup-2568384_1280-e1759564503214-300x191.jpg\" class=\"attachment-medium size-medium wp-post-image\" alt=\"\" style=\"\" srcset=\"https:\/\/www.stabajzna.cz\/wp-content\/uploads\/2022\/12\/makeup-2568384_1280-e1759564503214-300x191.jpg 300w, https:\/\/www.stabajzna.cz\/wp-content\/uploads\/2022\/12\/makeup-2568384_1280-e1759564503214-700x447.jpg 700w, https:\/\/www.stabajzna.cz\/wp-content\/uploads\/2022\/12\/makeup-2568384_1280-e1759564503214-768x490.jpg 768w, https:\/\/www.stabajzna.cz\/wp-content\/uploads\/2022\/12\/makeup-2568384_1280-e1759564503214-800x511.jpg 800w, https:\/\/www.stabajzna.cz\/wp-content\/uploads\/2022\/12\/makeup-2568384_1280-e1759564503214.jpg 1280w\" sizes=\"auto, (max-width: 300px) 100vw, 300px\" \/><\/a><\/div><a class=\"wp-block-latest-posts__post-title\" href=\"https:\/\/www.stabajzna.cz\/uvod\/clean-beauty-makeup\/\"><B>Individu\u00e1ln\u00ed kurz l\u00ed\u010den\u00ed \u201eClean beauty make-up\u201c<\/B><\/a><div class=\"wp-block-latest-posts__post-excerpt\">Od lehk\u00e9ho, \u0161\u0165avnat\u00e9ho rychl\u00e9ho l\u00ed\u010den\u00ed s p\u00e1r produkty, po ve\u010dern\u00ed v\u00fdrazn\u011bj\u0161\u00ed vzhled. U\u0161it\u00e9 na m\u00edru Tv\u00fdm pot\u0159eb\u00e1m a p\u0159\u00e1n\u00edm.\u00a0<\/div><\/li>\n<li><div class=\"wp-block-latest-posts__featured-image aligncenter\"><a href=\"https:\/\/www.stabajzna.cz\/uvod\/makeup-party\/\" aria-label=\"&lt;B&gt;Kurz l\u00ed\u010den\u00ed skupinov\u00fd neboli \u201eClean beauty make-up party\u201c&lt;\/B&gt;\"><img loading=\"lazy\" decoding=\"async\" width=\"300\" height=\"200\" src=\"https:\/\/www.stabajzna.cz\/wp-content\/uploads\/2022\/12\/women-1487825_1280-300x200.jpg\" class=\"attachment-medium size-medium wp-post-image\" alt=\"\" style=\"\" srcset=\"https:\/\/www.stabajzna.cz\/wp-content\/uploads\/2022\/12\/women-1487825_1280-300x200.jpg 300w, https:\/\/www.stabajzna.cz\/wp-content\/uploads\/2022\/12\/women-1487825_1280-700x466.jpg 700w, https:\/\/www.stabajzna.cz\/wp-content\/uploads\/2022\/12\/women-1487825_1280-768x511.jpg 768w, https:\/\/www.stabajzna.cz\/wp-content\/uploads\/2022\/12\/women-1487825_1280-800x533.jpg 800w, https:\/\/www.stabajzna.cz\/wp-content\/uploads\/2022\/12\/women-1487825_1280.jpg 1280w\" sizes=\"auto, (max-width: 300px) 100vw, 300px\" \/><\/a><\/div><a class=\"wp-block-latest-posts__post-title\" href=\"https:\/\/www.stabajzna.cz\/uvod\/makeup-party\/\"><B>Kurz l\u00ed\u010den\u00ed skupinov\u00fd neboli \u201eClean beauty make-up party\u201c<\/B><\/a><div class=\"wp-block-latest-posts__post-excerpt\">Spole\u010dn\u00fd \u010das s kamar\u00e1dkami nebo kolegyn\u011bmi? Nebo rozlu\u010dkov\u00e1 akce s dru\u017ei\u010dkami? Tahle party je skv\u011ble str\u00e1ven\u00fd \u010das, kde si m\u016f\u017eete u\u017e\u00edt jedna druhou a dozv\u011bd\u011bt se hromadu nov\u00fdch informac\u00ed.<\/div><\/li>\n<li><div class=\"wp-block-latest-posts__featured-image aligncenter\"><a href=\"https:\/\/www.stabajzna.cz\/uvod\/mama-a-dcera-clean-beauty-make-up-skin-care\/\" aria-label=\"&lt;B&gt;M\u00e1ma a dcera \u201eClean beauty make-up + skin care\u201c&lt;\/B&gt;\"><img loading=\"lazy\" decoding=\"async\" width=\"300\" height=\"199\" src=\"https:\/\/www.stabajzna.cz\/wp-content\/uploads\/2025\/09\/ai-generated-8733622_1280-1-e1759564432560-300x199.jpg\" class=\"attachment-medium size-medium wp-post-image\" alt=\"\" style=\"\" srcset=\"https:\/\/www.stabajzna.cz\/wp-content\/uploads\/2025\/09\/ai-generated-8733622_1280-1-e1759564432560-300x199.jpg 300w, https:\/\/www.stabajzna.cz\/wp-content\/uploads\/2025\/09\/ai-generated-8733622_1280-1-e1759564432560-700x465.jpg 700w, https:\/\/www.stabajzna.cz\/wp-content\/uploads\/2025\/09\/ai-generated-8733622_1280-1-e1759564432560-768x510.jpg 768w, https:\/\/www.stabajzna.cz\/wp-content\/uploads\/2025\/09\/ai-generated-8733622_1280-1-e1759564432560-800x531.jpg 800w, https:\/\/www.stabajzna.cz\/wp-content\/uploads\/2025\/09\/ai-generated-8733622_1280-1-e1759564432560.jpg 1280w\" sizes=\"auto, (max-width: 300px) 100vw, 300px\" \/><\/a><\/div><a class=\"wp-block-latest-posts__post-title\" href=\"https:\/\/www.stabajzna.cz\/uvod\/mama-a-dcera-clean-beauty-make-up-skin-care\/\"><B>M\u00e1ma a dcera \u201eClean beauty make-up + skin care\u201c<\/B><\/a><div class=\"wp-block-latest-posts__post-excerpt\">Kr\u00e1sn\u00fd, napln\u011bn\u00fd a nezapomenuteln\u00fd \u010das pro v\u00e1s dv\u011b. M\u00e1ma a dcera. Dcera a m\u00e1ma. To je pouto nav\u017edy.  Jsi sama dcerou a r\u00e1da bys toto za\u017eila se svou maminkou, kter\u00e1 je t\u0159eba u\u017e v d\u016fchodu? P\u0159ij\u010fte do \u0160\u0165abajzny, tato slu\u017eba by mohla b\u00fdt t\u00edm nejlep\u0161\u00edm spole\u010dn\u00fdm \u010dasem pro v\u00e1s dv\u011b. \ud83d\ude09<\/div><\/li>\n<\/ul>","protected":false},"excerpt":{"rendered":"","protected":false},"author":2,"featured_media":1749,"parent":0,"menu_order":0,"comment_status":"closed","ping_status":"closed","template":"","meta":{"footnotes":""},"class_list":["post-1145","page","type-page","status-publish","has-post-thumbnail","hentry"],"_links":{"self":[{"href":"https:\/\/www.stabajzna.cz\/uvod\/wp-json\/wp\/v2\/pages\/1145","targetHints":{"allow":["GET"]}}],"collection":[{"href":"https:\/\/www.stabajzna.cz\/uvod\/wp-json\/wp\/v2\/pages"}],"about":[{"href":"https:\/\/www.stabajzna.cz\/uvod\/wp-json\/wp\/v2\/types\/page"}],"author":[{"embeddable":true,"href":"https:\/\/www.stabajzna.cz\/uvod\/wp-json\/wp\/v2\/users\/2"}],"replies":[{"embeddable":true,"href":"https:\/\/www.stabajzna.cz\/uvod\/wp-json\/wp\/v2\/comments?post=1145"}],"version-history":[{"count":25,"href":"https:\/\/www.stabajzna.cz\/uvod\/wp-json\/wp\/v2\/pages\/1145\/revisions"}],"predecessor-version":[{"id":2093,"href":"https:\/\/www.stabajzna.cz\/uvod\/wp-json\/wp\/v2\/pages\/1145\/revisions\/2093"}],"wp:featuredmedia":[{"embeddable":true,"href":"https:\/\/www.stabajzna.cz\/uvod\/wp-json\/wp\/v2\/media\/1749"}],"wp:attachment":[{"href":"https:\/\/www.stabajzna.cz\/uvod\/wp-json\/wp\/v2\/media?parent=1145"}],"curies":[{"name":"wp","href":"https:\/\/api.w.org\/{rel}","templated":true}]}}